-2 - -1))/(1/(-3486))?
2, 3, 5, 7, 83
Let v be (0 + -34 - 1)*-3. Suppose 2*a - 5*q + 5 = 0, -5*q + 5 = 181*a - 182*a. Suppose o + l = 2*o - 97, -o - 3*l + v = a. List the prime factors of o.
3, 11
Let n(u) = -3*u + 95. Let y be n(26). Suppose 1275 = -2*o + y*o. What are the prime factors of o?
5, 17
Let p be 7298/10 + 7/35. Let g = p + -147. What are the prime factors of g?
11, 53
Let y(t) = 114*t + 47. Let l(g) = 112*g + 48. Let b(o) = -3*l(o) + 2*y(o). What are the prime factors of b(-4)?
2, 191
Suppose 47 = -a - 392. Let c = 1099 + a. List the prime factors of c.
2, 3, 5, 11
List the prime factors of (-16756 + 25/5)*(-14 - -11).
3, 7, 2393
Suppose 5*n = s, -n - 3*s = -8*s. Suppose -6*k - 477 + 129 = n. Let f = k + 200. List the prime factors of f.
2, 71
Suppose 5*t - 10 = 0, 91706 = 4*j + 2*t + t. List the prime factors of j.
5, 7, 131
What are the prime factors of 95563/(11 + 2) + -4?
3, 31, 79
Let w = 101118 + -69897. List the prime factors of w.
3, 3469
Let g = -295 + 299. Suppose 3*u = 4*z - 36, 4*z - g = -5*u + 64. List the prime factors of z.
2, 3
Let h = -4904 + 11071. List the prime factors of h.
7, 881
Suppose 0 = 5*m + 3*p - 976, -5*p = -4*m + m + 572. Let x = m - 21. Suppose -2*t = 5*o - x, -4*t + 9*t + 3*o - 385 = 0. What are the prime factors of t?
2, 37
Suppose 32 = 4*d - 8. Suppose -d*l - 630 = -5*l. What are the prime factors of (0 - 54/(-21))/((-3)/l)?
2, 3
Suppose -4*r = 14*r. Suppose -3*x + 5*x - b = 1093, r = -5*x + 3*b + 2733. What are the prime factors of x?
2, 3, 7, 13
Let k(w) = -5*w**3 + w**2 + 3*w - 5. Let j be k(2). Let r = j - -40. List the prime factors of -1 + 4 + (r + 159 - 0).
167
Let i = -5742 - -8005. List the prime factors of i.
31, 73
Suppose -28*b - 4*w + 42663 = -23*b, -3*b + 5*w + 25546 = 0. List the prime factors of b.
8527
Let j be (-9 + 4)/15*-2*3. Suppose -5*w + j*g + 2010 = 0, g + 1282 = -5*w + 3292. List the prime factors of w.
2, 3, 67
Let d(g) = g + 229. Let t(j) = -23*j + 234. Let q be t(9). What are the prime factors of d(q)?
2
Suppose -3*s + 167107 = 5*l, 5*l = -2*s + 80760 + 86353. List the prime factors of l.
5, 7, 191
Let o(g) = -4*g - 20. Let q be o(-5). Suppose -37*k + 33*k + 956 = q. What are the prime factors of k?
239
Suppose 125*v + 156989 - 470367 = 214997. What are the prime factors of v?
3, 1409
Suppose 37 = -5*c + 27, -5*c + 66526 = 4*s. List the prime factors of s.
2, 8317
Suppose -5*v + 51865 = -5*a - 59470, -4*v + 89113 = 5*a. List the prime factors of v.
2, 3, 29
Let u(p) be the second derivative of p**4/12 + 4*p**3/3 + 13*p**2/2 + 23*p. Let o be u(-7). Suppose k = o*k - 3*b - 62, b = -4. What are the prime factors of k?
2, 5
Suppose -3*u + 6*u + a - 9916 = 0, -6609 = -2*u + a. Suppose 5*n - u = 3*l - 7*l, -4*l = 3*n - 3295. What are the prime factors of l?
2, 5, 41
Let w be (-357)/(-126) + (3 - (-17)/(-6)). Let h be 60/2 + -3 + 2. Suppose -w*v + 1 = -s + 4, -h = -4*s - 5*v. What are the prime factors of s?
2, 3
Let p = -233 - -241. What are the prime factors of 7 + 8/(p/585)?
2, 37
Let a(m) = -1189*m - 72. Let s be a(-9). Suppose -27*h + 36*h = s. What are the prime factors of h?
1181
Let f be (-11 - -3)/(-2)*11. Let y be (-14)/4*f/(-7). Suppose -y*l + 255 = -17*l. List the prime factors of l.
3, 17
Let m(j) = 7819*j**2 - 21*j + 25. List the prime factors of m(1).
7823
Suppose 0 = 3*g - 33 - 144. Let v(z) = -33*z + 1 - g*z**3 + 66*z + 2*z**2 - 31*z. What are the prime factors of v(-1)?
2, 3, 5
Let m(v) = 1272*v**3 - 4*v + 6. Suppose p - 3 = -2*p. What are the prime factors of m(p)?
2, 7, 13
Let r(u) = -u**3 + 11*u**2 + 10*u + 18. Let q be r(12). Let v be (-3)/3*3/(q/16). Suppose 0 = -3*z - v + 407. What are the prime factors of z?
7, 19
What are the prime factors of (-158)/(-79)*(-3 - 4331/(-1))?
2, 541
Let l(k) = 2294*k**2 - 36*k - 60. What are the prime factors of l(-2)?
2, 2297
Suppose 0 = 5*r - 18 - 62. Let y be (-3 - (-2)/(-4))*r/(-14). Suppose s - y*s + 5*g + 80 = 0, -2*g = -5*s + 127. List the prime factors of s.
5
Suppose -21*n - 229 = 2. Let p(u) = 2*u**3 + 26*u**2 - 13*u - 4. List the prime factors of p(n).
7, 89
Let v(j) = 8*j**2 + 5*j - 6. Let i be ((24 - 25) + 4/(-6))*3. What are the prime factors of v(i)?
13
List the prime factors of 1162966/35 - (-70)/75*(-72)/42.
2, 37, 449
Suppose -45936 = -4*k - 2*i, -16 = 5*i - 36. What are the prime factors of k?
2, 5741
Let m = -51 - -45. Let g(p) = p**3 + 14*p**2 - 2*p - 10. Let q be g(m). Suppose 4*y + 240 = 4*h - 0*h, 5*y = -5*h + q. List the prime factors of h.
59
Let f(p) = p + 6. Let j(b) = b. Let n(g) = -f(g) + 2*j(g). Let h be n(7). Let o(x) = 58*x**2. List the prime factors of o(h).
2, 29
Suppose -12 = -u - 4*s, -4*u + 2*s - 18 = 6. Let z be (-2764)/(-52) + u/26. Suppose -117 + 47 = -4*o + 3*v, 3*o = 2*v + z. List the prime factors of o.
19
What are the prime factors of (-10 + (-37580)/(-12))*(2 + 4)?
2, 5, 1873
Let j = -1371 + 11904. What are the prime factors of j?
3, 3511
Let j(k) = -1240*k + 2901. What are the prime factors of j(-5)?
19, 479
Let o = -132 + 134. Suppose -22 + 26 = o*k, -5*s + 3089 = -3*k. List the prime factors of s.
619
Suppose -1780 = -4*b + 5*n, 34*n - 38*n = -5*b + 2216. Let o = b + -374. List the prime factors of o.
2, 3, 11
Let d(g) = g**2 - 12. Suppose -c + 103 = 94. What are the prime factors of d(c)?
3, 23
Suppose 444 + 588 = 3*d. Suppose d = 55*t - 51*t. List the prime factors of t.
2, 43
Let t = 27 + -23. Suppose -82 = -4*b + t*r - 26, 1 = -b - 4*r. List the prime factors of b/(-88) + 569/8.
71
What are the prime factors of (276/161)/(8/1241268*7)?
2, 3, 2111
Suppose 104331 = 35*p - 162865 + 19571. List the prime factors of p.
5, 283
Suppose -46*k + 58*k - 3780 = 0. Suppose -4*b = -1263 + 387. Let u = k - b. What are the prime factors of u?
2, 3
Suppose 158*c + 5 = 159*c. Suppose -5*b = -4*w + 1622, -4*b + 1432 = c*w - 616. What are the prime factors of w?
2, 3, 17
Suppose 0 = -2*w + 7*w - 190. Let h(d) = w + 9*d - 9 + 33. List the prime factors of h(15).
197
Suppose -80 = -46*x + 45*x. Let u be -290*(-8)/(x/75). Suppose 16*j - u + 463 = 0. List the prime factors of j.
107
Suppose 648*c = 653*c - 1605. Suppose c = 2*j + 4*l - 55, -3*l = 4*j - 742. What are the prime factors of j?
2, 23
Suppose -3*a = 29 + 187. List the prime factors of a/180*(-5565)/3.
2, 7, 53
Let s be 415*1 + (-9 - (-24 + 11)). Suppose -s*t + 430*t - 5830 = 0. List the prime factors of t.
2, 5, 53
Let r = 29 - 24. Suppose -r*p + p - 40 = -4*f, 3*f - 10 = -2*p. List the prime factors of (17/(-2))/(f/(-36)*3).
17
Suppose -233*l + 300*l - 2448783 = 0. What are the prime factors of l?
3, 31, 131
Suppose 11*y - 12*y = 606. Let u = -130 - y. What are the prime factors of u?
2, 7, 17
Let p = -14 - -53. Suppose -3*w - 5 = -11. Suppose 5*a - 317 = -f, a + w*f = 106 - p. What are the prime factors of a?
3, 7
Let a be (-5)/(0 + 5 + -4). List the prime factors of ((-8)/a)/((55/(-2175))/(-11)).
2, 3, 29
Let k = 21 - 29. Suppose 0 = -103*n + 101*n + 150. Let p = n + k. What are the prime factors of p?
67
Suppose 2 = 2*v, 3*v - 8 + 37 = -4*o. What are the prime factors of (-103)/(0 - o/(-24))?
3, 103
Suppose -5*j - 1210 = 5*k, -k - 178 = 3*j + 540. Let i = j - -361. Suppose 8*o + i = 9*o. What are the prime factors of o?
3, 41
Let t(p) = p**3 + 108*p**2 + 397*p - 443. List the prime factors of t(-104).
3, 7, 73
Suppose 219*u - 5404749 = -113*u + 10608939. List the prime factors of u.
2, 3, 8039
Let x be (8/(-14))/((162/21 + -8)/3). Let j(k) be the first derivative of -k**3/3 + 3*k**2 + 16*k + 1. What are the prime factors of j(x)?
2
Let l = 456 + -456. What are the prime factors of 3/(-2)*(-2 - l) + 121?
2, 31
Let y = 46 + -41. Suppose 20 = -u + y*u. Suppose -u*b + 122 = -288. List the prime factors of b.
2, 41
Suppose -5*p = -61 + 41. Suppose 0 = p*s - 8, -5*o + s + 4879 = -2*s. List the prime factors of o.
977
Let j = 14556 - -181. What are the prime factors of j?
14737
Let v = 121 - 122. List the prime factors of 0/v + 52080/40 - -5.
1307
Let i be 2/6 + (-14)/(-21). Suppose 2*f - 5*t = -153, 4*f = f + 4*t - 212. What are the prime factors of (10 - i)*f/(-6)?
2, 3
Suppose 5*o + 22 = 47. Suppose 8*d = 4*d + 12, -o*d + 321 = 3*r. Suppose 5*f - 2*f = -5*y + 281, 2*y = 4*f + r. List the prime factors of y.
5, 11
Suppose -4*